{"id":100,"date":"2012-08-25T14:08:12","date_gmt":"2012-08-25T14:08:12","guid":{"rendered":"http:\/\/letisserin.org\/?page_id=100"},"modified":"2012-08-25T14:08:12","modified_gmt":"2012-08-25T14:08:12","slug":"qui-sommes-nous-2","status":"publish","type":"page","link":"https:\/\/letisserin.org\/?page_id=100","title":{"rendered":"QUI SOMMES NOUS"},"content":{"rendered":"<p align=\"justify\"><span style=\"font-size: 16px;\">L&rsquo;Association le Tisserin a \u00e9t\u00e9 fond\u00e9e \u00e0 Ouagadougou, capitale du Burkina-Faso le 12 ao\u00fbt 2008 et reconnue par le Minist\u00e8re de l\u2019Administration Territoriale et de la D\u00e9centralisation sous le r\u00e9c\u00e9piss\u00e9 N\u00b02009-056\/MATD\/SG\/DGLPAP\/DOASOC du 25 f\u00e9vrier 2009.<\/span><\/p>\n<p align=\"justify\"><span style=\"font-size: 16px;\">Le Tisserin a pour objet la protection et la promotion sociales des personnes des vuln\u00e9rables et d\u00e9favoris\u00e9es au Burkina Faso et dans les autres pays de l\u2019Afrique de l\u2019Ouest. A cet effet, il importe d\u2019\u00e9laborer des programmes qui soient en ad\u00e9quation avec les aspirations r\u00e9elles des diff\u00e9rents publics cibles et\u00a0 tenant compte des possibilit\u00e9s de la Fondation et de ses partenaires.<\/span><\/p>\n<p align=\"justify\"><span style=\"font-size: 16px;\">Le Tisserin a un Conseil d\u2019Administration de 06 membres et un bureau op\u00e9rationnel avec 02 employ\u00e9s. Par la collaboration proche et \u00e9troite avec les structures sociaux et m\u00e9dicaux \u00e0 base communautaire, Le Tisserin atteint son objectif d\u00b4offrir un appui moral, technique et financier aux enfants, parents, et adultes les plus vuln\u00e9rables.<\/span><\/p>\n","protected":false},"excerpt":{"rendered":"<p>L&rsquo;Association le Tisserin a \u00e9t\u00e9 fond\u00e9e \u00e0 Ouagadougou, capitale du Burkina-Faso le 12 ao\u00fbt 2008 et reconnue par le Minist\u00e8re de l\u2019Administration Territoriale et de la D\u00e9centralisation sous le r\u00e9c\u00e9piss\u00e9 N\u00b02009-056\/MATD\/SG\/DGLPAP\/DOASOC du 25 f\u00e9vrier 2009. Le Tisserin a pour objet la protection et la promotion sociales des personnes des vuln\u00e9rables et d\u00e9favoris\u00e9es au Burkina Faso [&hellip;]<\/p>\n","protected":false},"author":1,"featured_media":0,"parent":0,"menu_order":0,"comment_status":"closed","ping_status":"closed","template":"","meta":{"footnotes":""},"class_list":["post-100","page","type-page","status-publish","hentry"],"_links":{"self":[{"href":"https:\/\/letisserin.org\/index.php?rest_route=\/wp\/v2\/pages\/100","targetHints":{"allow":["GET"]}}],"collection":[{"href":"https:\/\/letisserin.org\/index.php?rest_route=\/wp\/v2\/pages"}],"about":[{"href":"https:\/\/letisserin.org\/index.php?rest_route=\/wp\/v2\/types\/page"}],"author":[{"embeddable":true,"href":"https:\/\/letisserin.org\/index.php?rest_route=\/wp\/v2\/users\/1"}],"replies":[{"embeddable":true,"href":"https:\/\/letisserin.org\/index.php?rest_route=%2Fwp%2Fv2%2Fcomments&post=100"}],"version-history":[{"count":0,"href":"https:\/\/letisserin.org\/index.php?rest_route=\/wp\/v2\/pages\/100\/revisions"}],"wp:attachment":[{"href":"https:\/\/letisserin.org\/index.php?rest_route=%2Fwp%2Fv2%2Fmedia&parent=100"}],"curies":[{"name":"wp","href":"https:\/\/api.w.org\/{rel}","templated":true}]}}

<p align="justify"><span style="font-size: 16px;">L&rsquo;Association le Tisserin a été fondée à Ouagadougou, capitale du Burkina-Faso le 12 août 2008 et reconnue par le Ministère de l’Administration Territoriale et de la Décentralisation sous le récépissé N°2009-056/MATD/SG/DGLPAP/DOASOC du 25 février 2009.</span></p>
<p align="justify"><span style="font-size: 16px;">Le Tisserin a pour objet la protection et la promotion sociales des personnes des vulnérables et défavorisées au Burkina Faso et dans les autres pays de l’Afrique de l’Ouest. A cet effet, il importe d’élaborer des programmes qui soient en adéquation avec les aspirations réelles des différents publics cibles et  tenant compte des possibilités de la Fondation et de ses partenaires.</span></p>
<p align="justify"><span style="font-size: 16px;">Le Tisserin a un Conseil d’Administration de 06 membres et un bureau opérationnel avec 02 employés. Par la collaboration proche et étroite avec les structures sociaux et médicaux à base communautaire, Le Tisserin atteint son objectif d´offrir un appui moral, technique et financier aux enfants, parents, et adultes les plus vulnérables.</span></p>

<p>L&rsquo;Association le Tisserin a été fondée à Ouagadougou, capitale du Burkina-Faso le 12 août 2008 et reconnue par le Ministère de l’Administration Territoriale et de la Décentralisation sous le récépissé N°2009-056/MATD/SG/DGLPAP/DOASOC du 25 février 2009. Le Tisserin a pour objet la protection et la promotion sociales des personnes des vulnérables et défavorisées au Burkina Faso [&hellip;]</p>
