{"id":104,"date":"2012-08-25T14:08:48","date_gmt":"2012-08-25T14:08:48","guid":{"rendered":"http:\/\/letisserin.org\/?page_id=104"},"modified":"2012-08-25T14:08:48","modified_gmt":"2012-08-25T14:08:48","slug":"la-mission-du-tisserin-2","status":"publish","type":"page","link":"https:\/\/letisserin.org\/?page_id=104","title":{"rendered":"LA MISSION DU TISSERIN"},"content":{"rendered":"<p align=\"justify\"><span style=\"font-size: 16px;\">Partant de sa vision, l&rsquo;Association le Tisserin a pour mission de d\u00e9velopper des actions de protection et de promotion des personnes vuln\u00e9rables et d\u00e9favoris\u00e9es et de renforcer les capacit\u00e9s d\u2019intervention des acteurs du domaine de la protection sociale en Afrique de l\u2019Ouest en vue d\u2019une meilleure inclusion desdites personnes dans la soci\u00e9t\u00e9.<\/span><\/p>\n","protected":false},"excerpt":{"rendered":"<p>Partant de sa vision, l&rsquo;Association le Tisserin a pour mission de d\u00e9velopper des actions de protection et de promotion des personnes vuln\u00e9rables et d\u00e9favoris\u00e9es et de renforcer les capacit\u00e9s d\u2019intervention des acteurs du domaine de la protection sociale en Afrique de l\u2019Ouest en vue d\u2019une meilleure inclusion desdites personnes dans la soci\u00e9t\u00e9.<\/p>\n","protected":false},"author":1,"featured_media":0,"parent":0,"menu_order":0,"comment_status":"closed","ping_status":"closed","template":"","meta":{"footnotes":""},"class_list":["post-104","page","type-page","status-publish","hentry"],"_links":{"self":[{"href":"https:\/\/letisserin.org\/index.php?rest_route=\/wp\/v2\/pages\/104","targetHints":{"allow":["GET"]}}],"collection":[{"href":"https:\/\/letisserin.org\/index.php?rest_route=\/wp\/v2\/pages"}],"about":[{"href":"https:\/\/letisserin.org\/index.php?rest_route=\/wp\/v2\/types\/page"}],"author":[{"embeddable":true,"href":"https:\/\/letisserin.org\/index.php?rest_route=\/wp\/v2\/users\/1"}],"replies":[{"embeddable":true,"href":"https:\/\/letisserin.org\/index.php?rest_route=%2Fwp%2Fv2%2Fcomments&post=104"}],"version-history":[{"count":0,"href":"https:\/\/letisserin.org\/index.php?rest_route=\/wp\/v2\/pages\/104\/revisions"}],"wp:attachment":[{"href":"https:\/\/letisserin.org\/index.php?rest_route=%2Fwp%2Fv2%2Fmedia&parent=104"}],"curies":[{"name":"wp","href":"https:\/\/api.w.org\/{rel}","templated":true}]}}