{"id":106,"date":"2012-08-25T14:09:07","date_gmt":"2012-08-25T14:09:07","guid":{"rendered":"http:\/\/letisserin.org\/?page_id=106"},"modified":"2012-08-25T14:09:07","modified_gmt":"2012-08-25T14:09:07","slug":"les-objectifs-poursuivis-par-le-tisserin-2","status":"publish","type":"page","link":"https:\/\/letisserin.org\/?page_id=106","title":{"rendered":"LES OBJECTIFS POURSUIVIS PAR LE TISSERIN"},"content":{"rendered":"<p align=\"justify\"><span style=\"font-size: 16px;\"> L&rsquo;Association le Tisserin a pour but de promouvoir le bien \u00eatre populations en g\u00e9n\u00e9rale et des groupes vuln\u00e9rables et d\u00e9favoris\u00e9s en particulier.<\/span><\/p>\n<p align=\"justify\"><span style=\"font-size: 16px;\">Contribuer \u00e0 une meilleure communication entre les structures et institutions \u0153uvrant dans le domaine de la protection et de la promotion sociale. Plus sp\u00e9cifiquement, elle poursuit les objectifs suivants :<\/span><\/p>\n<ul>\n<li>\n<p align=\"justify\"><span style=\"font-size: 16px;\">favoriser le r\u00e9seautage entre les acteurs de la protection et de la promotion sociale et plus sp\u00e9cifiquement des organisations intervenant dans ce domaine ;<\/span><\/p>\n<\/li>\n<li>\n<p align=\"justify\"><span style=\"font-size: 16px;\">offrir des services techniques et\/ou financiers aux personnes vuln\u00e9rables et d\u00e9favoris\u00e9es et aux organisations travaillant dans le domaine de la protection et de la promotion sociale ;<\/span><\/p>\n<\/li>\n<li>\n<p align=\"justify\"><span style=\"font-size: 16px;\">\u00e9laborer et mettre en \u0153uvre des strat\u00e9gies pouvant conduire au bien \u00eatre global des personnes vuln\u00e9rables et d\u00e9favoris\u00e9es ;<\/span><\/p>\n<\/li>\n<li>\n<p align=\"justify\"><span style=\"font-size: 16px;\">capitaliser et diffuser des donn\u00e9es statistiques et des informations relatives \u00e0 la question de la protection et de la promotion sociale ;<\/span><\/p>\n<\/li>\n<li>\n<p align=\"justify\"><span style=\"font-size: 16px;\">mener un plaidoyer pour une prise en compte des besoins sp\u00e9cifiques des groupes sociaux vuln\u00e9rables et d\u00e9favoris\u00e9s dans les projets et programmes de d\u00e9veloppement ;<\/span><\/p>\n<\/li>\n<li>\n<p align=\"justify\"><span style=\"font-size: 16px;\">r\u00e9aliser des \u00e9tudes et des recherches dans le domaine de la protection et de la promotion sociale.<\/span><\/p>\n<\/li>\n<\/ul>\n<p align=\"justify\"><span style=\"font-size: 16px;\">Le Tisserin envisage de d\u00e9velopper des actions au niveau des communaut\u00e9s de base en vue d\u2019aboutir \u00e0 la mise en place d\u2019un dispositif fonctionnel entre les communaut\u00e9s et les acteurs institutionnels int\u00e9ress\u00e9s par la protection et la promotion des enfants vivant avec un handicap. Il s\u2019agira de mobiliser les communaut\u00e9s et de les accompagner en vue d\u2019une protection et d\u2019une promotion des droits des enfants vivant avec un handicap en mettant l\u2019accent sur le recours aux ressources disponibles et propres \u00e0 la communaut\u00e9. Pour y parvenir, le programme se propose de d\u00e9velopper des actions cibl\u00e9es sur les enfants \u00e0 risque en g\u00e9n\u00e9ral et ceux vivant avec un handicap en particulier d\u2019une part, mais aussi \u00e0 recourir aux ressources locales en vue de la r\u00e9\u00e9ducation fonctionnelle et du d\u00e9veloppement des aptitudes et autres potentialit\u00e9s de l\u2019enfant. D\u2019autre part, le programme d\u00e9veloppera des actions de soutien direct aux enfants vivant avec le handicap \u00e0 travers un accompagnement cibl\u00e9 sur la satisfaction des besoins sociaux de base de ces enfants. La derni\u00e8re composante se veut transversale et concerne le renforcement des capacit\u00e9s des acteurs dans l\u2019accompagnement communautaire \u00e0 la prise en charge des enfants vivant avec un handicap et le renforcement de la collaboration entre les organisations partenaires et les acteurs de prise en charge.<\/span><\/p>\n","protected":false},"excerpt":{"rendered":"<p>L&rsquo;Association le Tisserin a pour but de promouvoir le bien \u00eatre populations en g\u00e9n\u00e9rale et des groupes vuln\u00e9rables et d\u00e9favoris\u00e9s en particulier. Contribuer \u00e0 une meilleure communication entre les structures et institutions \u0153uvrant dans le domaine de la protection et de la promotion sociale. Plus sp\u00e9cifiquement, elle poursuit les objectifs suivants : favoriser le r\u00e9seautage [&hellip;]<\/p>\n","protected":false},"author":1,"featured_media":0,"parent":0,"menu_order":0,"comment_status":"closed","ping_status":"closed","template":"","meta":{"footnotes":""},"class_list":["post-106","page","type-page","status-publish","hentry"],"_links":{"self":[{"href":"https:\/\/letisserin.org\/index.php?rest_route=\/wp\/v2\/pages\/106","targetHints":{"allow":["GET"]}}],"collection":[{"href":"https:\/\/letisserin.org\/index.php?rest_route=\/wp\/v2\/pages"}],"about":[{"href":"https:\/\/letisserin.org\/index.php?rest_route=\/wp\/v2\/types\/page"}],"author":[{"embeddable":true,"href":"https:\/\/letisserin.org\/index.php?rest_route=\/wp\/v2\/users\/1"}],"replies":[{"embeddable":true,"href":"https:\/\/letisserin.org\/index.php?rest_route=%2Fwp%2Fv2%2Fcomments&post=106"}],"version-history":[{"count":0,"href":"https:\/\/letisserin.org\/index.php?rest_route=\/wp\/v2\/pages\/106\/revisions"}],"wp:attachment":[{"href":"https:\/\/letisserin.org\/index.php?rest_route=%2Fwp%2Fv2%2Fmedia&parent=106"}],"curies":[{"name":"wp","href":"https:\/\/api.w.org\/{rel}","templated":true}]}}