{"id":114,"date":"2012-08-25T14:10:41","date_gmt":"2012-08-25T14:10:41","guid":{"rendered":"http:\/\/letisserin.org\/?page_id=114"},"modified":"2012-08-25T14:10:41","modified_gmt":"2012-08-25T14:10:41","slug":"nos-projets-excel-en-annexe","status":"publish","type":"page","link":"https:\/\/letisserin.org\/?page_id=114","title":{"rendered":"PROJETS R\u00c9ALIS\u00c9S"},"content":{"rendered":"\n<h2 class=\"wp-block-heading\">Les activit\u00e9s d\u00e9j\u00e0 r\u00e9alis\u00e9es du projet Sant\u00e9 Sexuelle et Reproductive des Filles et Femmes Vuln\u00e9rables (SSRFFV) partie 2 <\/h2>\n\n\n\n<div class=\"wp-block-media-text alignwide\"><figure class=\"wp-block-media-text__media\"><img decoding=\"async\" src=\"https:\/\/letisserin.org\/wp-content\/uploads\/2024\/11\/image12-2-1024x766.jpg\" alt=\"\" class=\"wp-image-1201\"\/><\/figure><div class=\"wp-block-media-text__content\">\n<p>\n\t\t\t<a href=\"https:\/\/letisserin.org\/les-activites-deja-realisees-du-projet-sante-sexuelle-et-reproductive-des-filles-et-femmes-vulnerables-ssrffv-partie-2\/\">\n\t\t\t\tLes activit\u00e9s d\u00e9j\u00e0 r\u00e9alis\u00e9es du projet Sant\u00e9 Sexuelle et Reproductive des Filles et Femmes Vuln\u00e9rables (SSRFFV) partie 2\t\t\t<\/a>\n\t\t<\/p>\n\n\n\n<p>1 \u2013 Organisation d\u2019un atelier pour \nd\u00e9velopper des outils de communication inclusifs Un consultant a \u00e9t\u00e9 \nretenu pour concevoir les outils de communication inclusifs. Les termes \nde r\u00e9f\u00e9rence l\u2019ont orient\u00e9 dans la conception des outils tels les \nposters, les d\u00e9pliants, les boites \u00e0 images, les kakemonos. A l\u2019issu de \nla conception, un atelier de deux \u2026 <a href=\"https:\/\/letisserin.org\/les-activites-deja-realisees-du-projet-sante-sexuelle-et-reproductive-des-filles-et-femmes-vulnerables-ssrffv-partie-2\/\">Lire la suite de <\/a><\/p>\n<\/div><\/div>\n\n\n\n<h2 class=\"wp-block-heading\">Les activit\u00e9s d\u00e9j\u00e0 r\u00e9alis\u00e9es du projet Sant\u00e9 Sexuelle et Reproductive des Filles et Femmes Vuln\u00e9rables (SSRFFV) &#8211; partie 1 <\/h2>\n\n\n\n<div class=\"wp-block-media-text alignwide\"><figure class=\"wp-block-media-text__media\"><img decoding=\"async\" src=\"https:\/\/letisserin.org\/wp-content\/uploads\/2024\/11\/Doulougou-2.jpg\" alt=\"\" class=\"wp-image-1199\"\/><\/figure><div class=\"wp-block-media-text__content\">\n<p><a href=\"https:\/\/letisserin.org\/les-activites-deja-realisees-sante-sexuelle-et-reproductive-des-filles-et-femmes-vulnerables-ssrffv-partie-1\/\">Les activit\u00e9s d\u00e9j\u00e0 r\u00e9alis\u00e9es du projet Sant\u00e9 Sexuelle et  Reproductive des Filles et Femmes Vuln\u00e9rables (SSRFFV) \u2013 partie 1 <\/a> <\/p>\n\n\n\n<p>1 \u2013 Prise de contact avec les \nautorit\u00e9s Avant le d\u00e9marrage des activit\u00e9s du projet Sant\u00e9 Sexuelle et \nreproductive des Filles et femmes Vuln\u00e9rables, Nous avons effectu\u00e9 des \nrencontres avec les autorit\u00e9s administratives des Cinq (05) communes de \nmise en \u0153uvre. Il s\u2019agit des Directeurs provinciaux de l\u2019action sociale,\n les chefs de services communaux de \u2026 <a href=\"https:\/\/letisserin.org\/les-activites-deja-realisees-sante-sexuelle-et-reproductive-des-filles-et-femmes-vulnerables-ssrffv-partie-1\/\">Lire la suite de <\/a><\/p>\n<\/div><\/div>\n\n\n\n<h2 class=\"wp-block-heading\">Pr\u00e9sentation des activit\u00e9s du projet Sant\u00e9 Sexuelle et Reproductive des Filles et Femmes Vuln\u00e9rables (SSRFFV)<\/h2>\n\n\n\n<div class=\"wp-block-media-text alignwide\"><figure class=\"wp-block-media-text__media\"><img decoding=\"async\" src=\"https:\/\/letisserin.org\/wp-content\/uploads\/2024\/11\/photo-de-famille-kombissiri-ipelce-doulougou-2-1024x768.jpg\" alt=\"\" class=\"wp-image-1198\"\/><\/figure><div class=\"wp-block-media-text__content\">\n<p><a href=\"https:\/\/letisserin.org\/presentation-des-activites-du-projet-sante-sexuelle-et-reproductive-des-filles-et-femmes-vulnerables-ssrffv\/\">Pr\u00e9sentation des activit\u00e9s du projet Sant\u00e9 Sexuelle et Reproductive des Filles et Femmes Vuln\u00e9rables (SSRFFV) <\/a> <\/p>\n\n\n\n<p>R\u00e9sum\u00e9 du projet Titre du projet&nbsp;: \nPromotion de la sant\u00e9 sexuelle et reproductive des filles et femmes \nvuln\u00e9rables Partenaire financier : Organisme priv\u00e9 allemand africa \naction \/ Deutschland e.V. (aaD) Dur\u00e9e du projet : 01.11.2023 \u2013 \n30.04.2026 Zone d\u2019intervention&nbsp;: les communes de Doulougou, Kombissiri, \nKoubri, Ip\u00e9lc\u00e9 et Saaba Cibles&nbsp;: filles et femmes en situation de \u2026 <a href=\"https:\/\/letisserin.org\/presentation-des-activites-du-projet-sante-sexuelle-et-reproductive-des-filles-et-femmes-vulnerables-ssrffv\/\">Lire la suite de <\/a><\/p>\n<\/div><\/div>\n\n\n<p><!--EndFragment--><br \/><br \/><\/p>\n\n\n<h4 class=\"wp-block-heading\"><a href=\"https:\/\/letisserin.org\/projet-renforcement-des-capacites-des-meres-soignants-et-tutrices-denfants-handicapes-formation-des-parents-denfants-atteints-de-la-paralysie-cerebrale-sur-le-module-test-sol\/\">Projet renforcement des capacit\u00e9s des m\u00e8res, soignants et tutrices d\u2019enfants handicap\u00e9s Formation des parents d\u2019enfants atteints de la paralysie c\u00e9r\u00e9brale sur le module test \u00ab Solidarit\u00e9 et Appartenance. \u00bb du London School of Hygiene and Tropical Medicine<\/a><\/h4>\n\n\n\n<div class=\"wp-block-media-text alignwide\" style=\"grid-template-columns:28% auto\"><figure class=\"wp-block-media-text__media\"><img decoding=\"async\" src=\"https:\/\/letisserin.org\/wp-content\/uploads\/2019\/10\/Photo-3-de-famille-formation-parents-juillet-2019-2-1024x768.jpg\" alt=\"photo des participants \u00e0 la formation\" class=\"wp-image-946\"\/><\/figure><div class=\"wp-block-media-text__content\">\n<p style=\"font-size:12px\"> Le mardi 30 et le mercredi 31 juillet 2019, s\u2019est tenue dans la salle de r\u00e9union de l&rsquo;Association Le Tisserin les travaux de formation des parents d\u2019enfants atteints de la paralysie c\u00e9r\u00e9brale sur le test module \u00ab&nbsp;TOGETHERNESS AND BELONGING&nbsp;(Solidarit\u00e9 et Appartenance)&nbsp;\u00bb d\u00e9velopp\u00e9 par le London School of Hygiene and Tropical Medicine en collaboration avec ses partenaires Burkinab\u00e8 Groupe ACCES, l\u2019Institut des Sciences des Soci\u00e9t\u00e9s et OCADES Caritas Burkina. Cette formation a regroup\u00e9 les m\u00e8res d\u2019enfants atteints de la paralysie c\u00e9r\u00e9brale, les facilitateurs, les superviseurs et un membre du Tisserin.  <a href=\"https:\/\/letisserin.org\/projet-renforcement-des-capacites-des-meres-soignants-et-tutrices-denfants-handicapes-formation-des-parents-denfants-atteints-de-la-paralysie-cerebrale-sur-le-module-test-sol\/\"> lire la suite<\/a><\/p>\n<\/div><\/div>\n\n\n\n<div style=\"height:28px\" aria-hidden=\"true\" class=\"wp-block-spacer\"><\/div>\n\n\n\n<h4 class=\"wp-block-heading\"><a href=\"https:\/\/letisserin.org\/projet-renforcement-des-capacites-des-meres-soignants-et-tutrices-denfants-handicapes\/\">Projet renforcement des capacit\u00e9s des m\u00e8res, soignants et tutrices d\u2019enfants handicap\u00e9s<\/a><\/h4>\n\n\n\n<div class=\"wp-block-media-text alignwide\" style=\"grid-template-columns:15% auto\"><figure class=\"wp-block-media-text__media\"><img decoding=\"async\" src=\"https:\/\/letisserin.org\/wp-content\/uploads\/2018\/05\/Image4.png\" alt=\"couverture du livre aide aux enfants handicap\u00e9s\" class=\"wp-image-829\"\/><\/figure><div class=\"wp-block-media-text__content\">\n<p style=\"font-size:12px\"> L&rsquo;Association Le Tisserin cherche \u00e0 organiser 6 formations de parents des enfants handicapes cette ann\u00e9e. Les parents sont g\u00e9n\u00e9ralement les premiers responsables de la prise en charge des enfants souffrant de paralysies c\u00e9r\u00e9brale dans les pays \u00e0 faible revenu, mais ont souvent peu acc\u00e8s au soutien, aux services ou \u00e0 des formations sur la prise en charge de leurs enfants. <\/p>\n\n\n\n<p style=\"font-size:12px\"> L&rsquo;Association Le Tisserin a facilit\u00e9 la disponibilit\u00e9 des livres \u00ab Aide aux Enfants Aveugles \u00bb et \u00ab Aide aux Enfants Sourds \u00bb du Hesperian Foundation. <a href=\"https:\/\/letisserin.org\/projet-renforcement-des-capacites-des-meres-soignants-et-tutrices-denfants-handicapes\/\">Lire la suite<\/a><\/p>\n<\/div><\/div>\n\n\n\n<div style=\"height:20px\" aria-hidden=\"true\" class=\"wp-block-spacer\"><\/div>\n\n\n\n<h4 class=\"wp-block-heading\"><a href=\"https:\/\/letisserin.org\/partenariat-unicef-burkina-faso-avec-le-tisserin\/\"><strong>Jeudi 14&nbsp;ao\u00fbt&nbsp;2014 lancement des activit\u00e9s de d\u00e9pistage des maladies handicapantes chez les&nbsp;enfants de 0 \u00e0 6 ans dans le cadre du \u00ab&nbsp;projet de prise en charge pr\u00e9coce des enfants vivant avec un handicap dans le 9<sup>\u00e8me<\/sup> arrondissement de la commune de Ouagadougou&nbsp;\u00bb<\/strong> <\/a><\/h4>\n\n\n\n<div class=\"wp-block-media-text alignwide\" style=\"grid-template-columns:33% auto\"><figure class=\"wp-block-media-text__media\"><img decoding=\"async\" src=\"https:\/\/letisserin.org\/wp-content\/uploads\/2014\/08\/100_2749-web.jpg\" alt=\"photo des b\u00e9n\u00e9ficiaires\" class=\"wp-image-401\"\/><\/figure><div class=\"wp-block-media-text__content\">\n<p style=\"font-size:12px\"> Le 12 mai 2014, un accord de coop\u00e9ration a \u00e9t\u00e9 sign\u00e9 entre le Fonds des Nations Unies pour l\u2019Enfance (UNICEF) et l&rsquo;Association Le Tisserin pour la prise en charge pr\u00e9coce des enfants vivant avec un handicap dans le 9\u00e8me arrondissement de la commune de Ouagadougou, le lancement des activit\u00e9s de d\u00e9pistage des maladies handicapantes chez les enfants de 0 \u00e0 6 ans aura lieu ce jeudi 14 ao\u00fbt dans l\u2019enceinte du Centre de Sant\u00e9 et de promotion sociale (CSPS) de Pazani, secteur 38.<\/p>\n\n\n\n<p style=\"font-size:12px\"><a href=\"https:\/\/letisserin.org\/partenariat-unicef-burkina-faso-avec-le-tisserin\/\">lire la suite<\/a>  <\/p>\n<\/div><\/div>\n\n\n\n<p><\/p>\n","protected":false},"excerpt":{"rendered":"<p>Les activit\u00e9s d\u00e9j\u00e0 r\u00e9alis\u00e9es du projet Sant\u00e9 Sexuelle et Reproductive des Filles et Femmes Vuln\u00e9rables (SSRFFV) partie 2 Les activit\u00e9s d\u00e9j\u00e0 r\u00e9alis\u00e9es du projet Sant\u00e9 Sexuelle et Reproductive des Filles et Femmes Vuln\u00e9rables (SSRFFV) partie 2 1 \u2013 Organisation d\u2019un atelier pour d\u00e9velopper des outils de communication inclusifs Un consultant a \u00e9t\u00e9 retenu pour concevoir [&hellip;]<\/p>\n","protected":false},"author":1,"featured_media":0,"parent":0,"menu_order":0,"comment_status":"closed","ping_status":"closed","template":"","meta":{"footnotes":""},"class_list":["post-114","page","type-page","status-publish","hentry"],"_links":{"self":[{"href":"https:\/\/letisserin.org\/index.php?rest_route=\/wp\/v2\/pages\/114","targetHints":{"allow":["GET"]}}],"collection":[{"href":"https:\/\/letisserin.org\/index.php?rest_route=\/wp\/v2\/pages"}],"about":[{"href":"https:\/\/letisserin.org\/index.php?rest_route=\/wp\/v2\/types\/page"}],"author":[{"embeddable":true,"href":"https:\/\/letisserin.org\/index.php?rest_route=\/wp\/v2\/users\/1"}],"replies":[{"embeddable":true,"href":"https:\/\/letisserin.org\/index.php?rest_route=%2Fwp%2Fv2%2Fcomments&post=114"}],"version-history":[{"count":0,"href":"https:\/\/letisserin.org\/index.php?rest_route=\/wp\/v2\/pages\/114\/revisions"}],"wp:attachment":[{"href":"https:\/\/letisserin.org\/index.php?rest_route=%2Fwp%2Fv2%2Fmedia&parent=114"}],"curies":[{"name":"wp","href":"https:\/\/api.w.org\/{rel}","templated":true}]}}