{"id":899,"date":"2012-08-25T14:10:30","date_gmt":"2012-08-25T14:10:30","guid":{"rendered":"http:\/\/letisserin.org\/?page_id=112"},"modified":"2012-08-25T14:10:30","modified_gmt":"2012-08-25T14:10:30","slug":"les-strategies-et-les-modalites-de-mise-en-oeuvre","status":"publish","type":"page","link":"https:\/\/letisserin.org\/?page_id=899","title":{"rendered":"LES STRATEGIES ET LES MODALITES DE MISE EN \u0152UVRE"},"content":{"rendered":"<p>&nbsp;<\/p>\n<ul>\n<li>\n<p align=\"justify\"><span style=\"font-size: 16px;\">l\u2019assistance individuelle pour la r\u00e9adaptation m\u00e9dicale et sociale des personnes et\/ou groupes sociaux vuln\u00e9rables (personnes handicap\u00e9es, personnes en difficult\u00e9s d\u2019adaptation sociale et comportementale, orphelins et autres enfants vuln\u00e9rables, etc.);<\/span><\/p>\n<\/li>\n<li>\n<p align=\"justify\"><span style=\"font-size: 16px;\">le plaidoyer et mobilisation sociale en faveur de la protection et de la promotion sociale des personnes et\/ou groupes sociaux vuln\u00e9rables et d\u00e9favoris\u00e9s;<\/span><\/p>\n<\/li>\n<li>\n<p align=\"justify\"><span style=\"font-size: 16px;\">l\u2019organisation de formations et de cadres de concertation pour renforcer les capacit\u00e9s des organisations de, et\/ou pour personnes vuln\u00e9rables et d\u00e9favoris\u00e9es ;<\/span><\/p>\n<\/li>\n<li>\n<p align=\"justify\"><span style=\"font-size: 16px;\">l\u2019initiation et conduite d\u2019\u00e9tudes innovantes et mise \u00e0 disposition des r\u00e9sultats pour le secteur de la protection et de la promotion sociale ;<\/span><\/p>\n<\/li>\n<li>\n<p align=\"justify\"><span style=\"font-size: 16px;\">l\u2019accompagnement des groupes sociaux vuln\u00e9rables et sp\u00e9cifiques et financement de leurs projets d\u2019autopromotion ;<\/span><\/p>\n<\/li>\n<li>\n<p align=\"justify\"><span style=\"font-size: 16px;\">la communication pour le changement de comportement, notamment le changement de mentalit\u00e9 des parents seront des strat\u00e9gies \u00e0 d\u00e9velopper. Un accent est \u00e9galement mis sur le plaidoyer aupr\u00e8s des d\u00e9cideurs et des partenaires en vue d\u2019am\u00e9liorer l\u2019ex\u00e9cution effective des activit\u00e9s d\u2019une part, et de favoriser d\u2019autre part l\u2019implication d\u2019un plus grand nombre de partenaires techniques et financiers dans la mise en \u0153uvre des activit\u00e9s.<\/span><\/p>\n<\/li>\n<\/ul>\n<p align=\"justify\"><span style=\"font-size: 16px;\">Le partenariat et la collaboration avec des organisations nationales et internationales seront mis \u00e0 contribution pour la mise en \u0153uvre des interventions.<\/span><\/p>\n<p align=\"justify\"><span style=\"font-size: 16px;\">Le financement du programme d\u2019activit\u00e9s est principalement par les ressources des partenaires techniques et financiers. Toutefois, les ressources propres du Tisserin sont davantage mobilis\u00e9es.<\/span><\/p>\n","protected":false},"excerpt":{"rendered":"<p>&nbsp; l\u2019assistance individuelle pour la r\u00e9adaptation m\u00e9dicale et sociale des personnes et\/ou groupes sociaux vuln\u00e9rables (personnes handicap\u00e9es, personnes en difficult\u00e9s d\u2019adaptation sociale et comportementale, orphelins et autres enfants vuln\u00e9rables, etc.); le plaidoyer et mobilisation sociale en faveur de la protection et de la promotion sociale des personnes et\/ou groupes sociaux vuln\u00e9rables et d\u00e9favoris\u00e9s; l\u2019organisation de [&hellip;]<\/p>\n","protected":false},"author":1,"featured_media":0,"parent":0,"menu_order":0,"comment_status":"closed","ping_status":"closed","template":"","meta":{"footnotes":""},"class_list":["post-899","page","type-page","status-publish","hentry"],"_links":{"self":[{"href":"https:\/\/letisserin.org\/index.php?rest_route=\/wp\/v2\/pages\/899","targetHints":{"allow":["GET"]}}],"collection":[{"href":"https:\/\/letisserin.org\/index.php?rest_route=\/wp\/v2\/pages"}],"about":[{"href":"https:\/\/letisserin.org\/index.php?rest_route=\/wp\/v2\/types\/page"}],"author":[{"embeddable":true,"href":"https:\/\/letisserin.org\/index.php?rest_route=\/wp\/v2\/users\/1"}],"replies":[{"embeddable":true,"href":"https:\/\/letisserin.org\/index.php?rest_route=%2Fwp%2Fv2%2Fcomments&post=899"}],"version-history":[{"count":0,"href":"https:\/\/letisserin.org\/index.php?rest_route=\/wp\/v2\/pages\/899\/revisions"}],"wp:attachment":[{"href":"https:\/\/letisserin.org\/index.php?rest_route=%2Fwp%2Fv2%2Fmedia&parent=899"}],"curies":[{"name":"wp","href":"https:\/\/api.w.org\/{rel}","templated":true}]}}